{"id":57,"date":"2017-11-16T14:30:58","date_gmt":"2017-11-16T13:30:58","guid":{"rendered":"https:\/\/hundesport-wolfwil.ch\/?page_id=57"},"modified":"2024-04-14T19:26:00","modified_gmt":"2024-04-14T18:26:00","slug":"agility-leitung","status":"publish","type":"page","link":"https:\/\/hundesport-wolfwil.ch\/?page_id=57","title":{"rendered":"Agility"},"content":{"rendered":"<h2><img loading=\"lazy\" decoding=\"async\" class=\"alignright wp-image-1509 size-medium\" src=\"https:\/\/hundesport-wolfwil.ch\/wp-content\/uploads\/2017\/12\/IMGP1906-Kopie-279x300.jpg\" alt=\"\" width=\"279\" height=\"300\" srcset=\"https:\/\/hundesport-wolfwil.ch\/wp-content\/uploads\/2017\/12\/IMGP1906-Kopie-279x300.jpg 279w, https:\/\/hundesport-wolfwil.ch\/wp-content\/uploads\/2017\/12\/IMGP1906-Kopie-768x827.jpg 768w, https:\/\/hundesport-wolfwil.ch\/wp-content\/uploads\/2017\/12\/IMGP1906-Kopie-951x1024.jpg 951w\" sizes=\"auto, (max-width: 279px) 100vw, 279px\" \/><\/h2>\n<p>(Englisch\u00a0f\u00fcr\u00a0Wendigkeit,\u00a0Flinkheit,\u00a0Agilit\u00e4t) ist eine\u00a0Hundesportart, bei der der Hund einen aus mehreren Hindernissen bestehenden Parcours in einer festgelegten Reihenfolge und innerhalb einer gege<span style=\"font-size: 1rem;\">benen Zeit a<\/span><span style=\"font-size: 1rem;\">bsolvieren muss. Der\u00a0Hundef\u00fchrer\u00a0zeigt ihm dabei mit K\u00f6rpersprache und H\u00f6rzeichen den Weg, darf aber weder Hindernisse noch Hund anfassen. Agility f\u00f6rdert die harmonische Zusammenarbeit zwischen Mensch und Tier und ist weltweit etabliert.<\/span><\/p>\n<p>Jedes Team ist bei uns herzlich Willkommen<\/p>\n<p><strong>Anforderungen Aufbaugruppe:<\/strong><br \/>\n&#8211; Der Hund ist mind. 12 Mte alt<br \/>\n&#8211; Der Hund muss die Grundkomandos beherrschen (Sitz, Platz, Bleib)<\/p>\n<p><strong>Anforderungen Fortgeschrittene:<\/strong><br \/>\n&#8211; Der Hund kennt alle Agilityger\u00e4te und kann mind. 7 Hindernisse am St\u00fcck absolvieren<\/p>\n<p><strong>Anforderungen Wettkampfgruppe:<\/strong><br \/>\n&#8211; Der Hund kann alle Hindernisse alleine absolvieren<br \/>\n&#8211; Das Team ist interessiert eine Lizenz zu l\u00f6sen (oder hat schon eine) und an Wettk\u00e4mpfe zu gehen<\/p>\n<p>Bist du an einem Training bei uns interessiert? Dann melde dich am besten direkt bei unseren \u00dcbungsleiterinnen, damit wir die passende Gruppe f\u00fcr dich und deinen Hund finden k\u00f6nnen.<\/p>\n<div id='gallery-1' class='gallery galleryid-57 gallery-columns-3 gallery-size-medium'><figure class='gallery-item'>\n\t\t\t<div class='gallery-icon landscape'>\n\t\t\t\t<a href='https:\/\/hundesport-wolfwil.ch\/?attachment_id=1512'><img loading=\"lazy\" decoding=\"async\" width=\"300\" height=\"200\" src=\"https:\/\/hundesport-wolfwil.ch\/wp-content\/uploads\/2017\/12\/IMGP8549-300x200.jpg\" class=\"attachment-medium size-medium\" alt=\"\" srcset=\"https:\/\/hundesport-wolfwil.ch\/wp-content\/uploads\/2017\/12\/IMGP8549-300x200.jpg 300w, https:\/\/hundesport-wolfwil.ch\/wp-content\/uploads\/2017\/12\/IMGP8549-768x512.jpg 768w, https:\/\/hundesport-wolfwil.ch\/wp-content\/uploads\/2017\/12\/IMGP8549-1024x683.jpg 1024w, https:\/\/hundesport-wolfwil.ch\/wp-content\/uploads\/2017\/12\/IMGP8549.jpg 1728w\" sizes=\"auto, 100vw\" \/><\/a>\n\t\t\t<\/div><\/figure><figure class='gallery-item'>\n\t\t\t<div class='gallery-icon landscape'>\n\t\t\t\t<a href='https:\/\/hundesport-wolfwil.ch\/?attachment_id=1511'><img loading=\"lazy\" decoding=\"async\" width=\"300\" height=\"199\" src=\"https:\/\/hundesport-wolfwil.ch\/wp-content\/uploads\/2017\/12\/IMGP8315-300x199.jpg\" class=\"attachment-medium size-medium\" alt=\"\" srcset=\"https:\/\/hundesport-wolfwil.ch\/wp-content\/uploads\/2017\/12\/IMGP8315-300x199.jpg 300w, https:\/\/hundesport-wolfwil.ch\/wp-content\/uploads\/2017\/12\/IMGP8315-768x510.jpg 768w, https:\/\/hundesport-wolfwil.ch\/wp-content\/uploads\/2017\/12\/IMGP8315-1024x680.jpg 1024w\" sizes=\"auto, 100vw\" \/><\/a>\n\t\t\t<\/div><\/figure><figure class='gallery-item'>\n\t\t\t<div class='gallery-icon landscape'>\n\t\t\t\t<a href='https:\/\/hundesport-wolfwil.ch\/?attachment_id=1510'><img loading=\"lazy\" decoding=\"async\" width=\"300\" height=\"199\" src=\"https:\/\/hundesport-wolfwil.ch\/wp-content\/uploads\/2017\/12\/IMGP1932-1-300x199.jpg\" class=\"attachment-medium size-medium\" alt=\"\" srcset=\"https:\/\/hundesport-wolfwil.ch\/wp-content\/uploads\/2017\/12\/IMGP1932-1-300x199.jpg 300w, https:\/\/hundesport-wolfwil.ch\/wp-content\/uploads\/2017\/12\/IMGP1932-1-768x510.jpg 768w, https:\/\/hundesport-wolfwil.ch\/wp-content\/uploads\/2017\/12\/IMGP1932-1-1024x680.jpg 1024w\" sizes=\"auto, 100vw\" \/><\/a>\n\t\t\t<\/div><\/figure><figure class='gallery-item'>\n\t\t\t<div class='gallery-icon landscape'>\n\t\t\t\t<a href='https:\/\/hundesport-wolfwil.ch\/?attachment_id=1508'><img loading=\"lazy\" decoding=\"async\" width=\"300\" height=\"243\" src=\"https:\/\/hundesport-wolfwil.ch\/wp-content\/uploads\/2017\/12\/IMGP1862-1-300x243.jpg\" class=\"attachment-medium size-medium\" alt=\"\" srcset=\"https:\/\/hundesport-wolfwil.ch\/wp-content\/uploads\/2017\/12\/IMGP1862-1-300x243.jpg 300w, https:\/\/hundesport-wolfwil.ch\/wp-content\/uploads\/2017\/12\/IMGP1862-1-768x622.jpg 768w, https:\/\/hundesport-wolfwil.ch\/wp-content\/uploads\/2017\/12\/IMGP1862-1-1024x830.jpg 1024w\" sizes=\"auto, 100vw\" \/><\/a>\n\t\t\t<\/div><\/figure>\n\t\t<\/div>\n\n<p>&nbsp;<\/p>\n\n\n<figure class=\"wp-block-image size-full\"><img decoding=\"async\" src=\"https:\/\/hundesport-wolfwil.ch\/wp-content\/uploads\/2024\/04\/HSVW_Kursangebot_2024_A41_Einsteigerkurs.jpg\" alt=\"\" class=\"wp-image-5075\"\/><\/figure>\n","protected":false},"excerpt":{"rendered":"<p>(Englisch\u00a0f\u00fcr\u00a0Wendigkeit,\u00a0Flinkheit,\u00a0Agilit\u00e4t) ist eine\u00a0Hundesportart, bei der der Hund einen aus mehreren Hindernissen bestehenden Parcours in einer festgelegten Reihenfolge und innerhalb einer gegebenen Zeit absolvieren muss. Der\u00a0Hundef\u00fchrer\u00a0zeigt ihm dabei mit K\u00f6rpersprache und &hellip; <\/p>\n<p class=\"link-more\"><a href=\"https:\/\/hundesport-wolfwil.ch\/?page_id=57\" class=\"more-link\"><span class=\"screen-reader-text\">\u201eAgility\u201c <\/span>weiterlesen<\/a><\/p>\n","protected":false},"author":2,"featured_media":0,"parent":44,"menu_order":4,"comment_status":"closed","ping_status":"closed","template":"","meta":{"ngg_post_thumbnail":0,"footnotes":""},"class_list":["post-57","page","type-page","status-publish","hentry"],"_links":{"self":[{"href":"https:\/\/hundesport-wolfwil.ch\/index.php?rest_route=\/wp\/v2\/pages\/57","targetHints":{"allow":["GET"]}}],"collection":[{"href":"https:\/\/hundesport-wolfwil.ch\/index.php?rest_route=\/wp\/v2\/pages"}],"about":[{"href":"https:\/\/hundesport-wolfwil.ch\/index.php?rest_route=\/wp\/v2\/types\/page"}],"author":[{"embeddable":true,"href":"https:\/\/hundesport-wolfwil.ch\/index.php?rest_route=\/wp\/v2\/users\/2"}],"replies":[{"embeddable":true,"href":"https:\/\/hundesport-wolfwil.ch\/index.php?rest_route=%2Fwp%2Fv2%2Fcomments&post=57"}],"version-history":[{"count":13,"href":"https:\/\/hundesport-wolfwil.ch\/index.php?rest_route=\/wp\/v2\/pages\/57\/revisions"}],"predecessor-version":[{"id":5081,"href":"https:\/\/hundesport-wolfwil.ch\/index.php?rest_route=\/wp\/v2\/pages\/57\/revisions\/5081"}],"up":[{"embeddable":true,"href":"https:\/\/hundesport-wolfwil.ch\/index.php?rest_route=\/wp\/v2\/pages\/44"}],"wp:attachment":[{"href":"https:\/\/hundesport-wolfwil.ch\/index.php?rest_route=%2Fwp%2Fv2%2Fmedia&parent=57"}],"curies":[{"name":"wp","href":"https:\/\/api.w.org\/{rel}","templated":true}]}}